e thousands digit of d?
1
Suppose 5*w = 2*s - s - 55, 3*s + w = 133. Let q = -111 + s. What is the tens digit of 1/(3 + 196/q)?
3
Suppose 54 = -2*a + 5*s + 16, a + 4 = -5*s. Let g(i) be the first derivative of -i**3/3 - 17*i**2/2 + 14*i + 8. What is the units digit of g(a)?
6
Let l = -68 + 83. Let q = 40 - l. What is the tens digit of q?
2
Suppose 5*o - d = 7006, 117*o - 121*o + 4*d + 5592 = 0. What is the tens digit of o?
0
Suppose 0 = 3*j, 0 = -2*y + j + 10 - 4. Let b(r) = -7 + r**2 - 5*r - y + 3*r. What is the units digit of b(7)?
5
Let x = 67 + -13. Suppose 3*l = -5*y + 87, -3*l - 2*y + x = -l. What is the tens digit of l?
2
Let n(m) = -m**3 + m**2 + m + 10. Let j be n(0). Let g = 24 - 14. Let y = g + j. What is the units digit of y?
0
Let i = 522 + -129. What is the tens digit of i?
9
Suppose 3*t = 2*t + 60. Let n = -6 + 10. Suppose -n*w = -t - 4. What is the tens digit of w?
1
What is the units digit of 2/7 + 18892/28?
5
Let i be (-479)/(-13) + 3*(-4)/(-78). Let d = -4 - -12. Let b = i - d. What is the units digit of b?
9
Let b = 1348 - 812. What is the hundreds digit of b?
5
Suppose y - 3*i - 1337 - 3490 = 0, 4*i + 14461 = 3*y. What is the hundreds digit of y?
8
Let j be (-16)/(-6) + (-2)/(-6). Suppose 4*y + 4*d = 24, 4*d - 17 = y - 38. Suppose a - j = y. What is the tens digit of a?
1
Let f(c) = c + 19. Let v be f(-17). Suppose -v*d - 34 = -4*s, 2*s - 3*s - 2*d + 1 = 0. What is the units digit of s?
7
Let h(i) = -2*i**3 - 5*i**2 - 6*i + 8. Suppose -8*a = 51 - 19. What is the tens digit of h(a)?
8
Let j(f) = -f + 2. Let a be j(4). What is the tens digit of (a + -6 + 4)/(6/(-99))?
6
Let y = 46 - 11. Let c = 62 - y. Suppose 0 = -7*l + 2*l + 2*a + c, -3*l + 4*a + 5 = 0. What is the units digit of l?
7
Let d = -63 - -67. Suppose 2*l - d*a = 40, -11 = l - 2*l - a. What is the tens digit of l?
1
Let s(d) = 2*d**3 - 28*d**2 - 32*d - 37. What is the thousands digit of s(17)?
1
Let f = 46 + -42. Let t be (9/4)/((-9)/(-24)). Suppose -u - a = -t*u + 125, -f*u + 124 = 4*a. What is the units digit of u?
6
Let o(k) = -70*k - 4. Let b be o(-2). Let l = b + -74. What is the tens digit of l?
6
Suppose 490 = 4*m + 6*m. Let i = m + 92. What is the units digit of i?
1
Let j(u) = -u**2 + 9*u + 6. Let p be j(12). What is the units digit of (10/p)/(2/(-438))?
3
Suppose -11095 = 40*w - 47*w. What is the thousands digit of w?
1
Suppose 1 = -0*g - g - n, 0 = g + 5*n - 7. What is the units digit of (4/g)/(-2)*4329/26?
1
Let f be (5 - (-25)/(-5))/(0 + -1). Let q(x) = 2*x**2 + x + 62. What is the tens digit of q(f)?
6
Let u(p) = 14*p + 1. Let g be u(1). Let h = -205 - -195. What is the tens digit of 3/g - 288/h?
2
Suppose -3*t - 8 = -5*d - 4*t, -18 = -5*d + 4*t. Suppose 0 = -5*w + 4*w - 3, w + 161 = d*a. What is the tens digit of a?
7
Let c = 742 + -339. What is the hundreds digit of c?
4
Suppose 0*g + 422 = 2*g. Let c = 337 - g. What is the hundreds digit of c?
1
Suppose 2*k = -1 - 11. Let b = -2 - k. Suppose -29 = -n - 2*n - 2*x, -4*n + b*x = -32. What is the units digit of n?
9
Let v(b) = b**2 + 20*b - 41. What is the hundreds digit of v(-31)?
3
What is the units digit of (10880/(-96))/(6/(-9))?
0
Let l(w) = -7*w**3 - 22*w**2 - 17*w - 22. Let n(i) = 3*i**3 + 11*i**2 + 9*i + 11. Let d(s) = 4*l(s) + 9*n(s). What is the tens digit of d(11)?
5
Let z = 1064 + 90. What is the thousands digit of z?
1
Suppose 5*x - r - 30 = 0, -5*r + 3 = -x + 33. Suppose 4*j - 97 = x*w, j + 4*w - 111 = -4*j. What is the units digit of j?
3
Let j(g) = -g**2 - 4*g + 43. Let l be j(-14). Let d = 163 + l. What is the tens digit of d?
6
Let r = -7 + 54. Suppose 0 = -3*t + 3*m - r + 248, -4*t + 268 = 4*m. What is the units digit of t?
7
Suppose n + 2*p - 220 = 0, n - 174 = p + 37. What is the hundreds digit of n?
2
Suppose 0 = d + 4*y + 19, -5*d - 3*y - 95 = -8*y. Let r = 22 + d. What is the units digit of r?
3
Let f(p) = -91*p**3 - 2*p**2 - 2*p + 2. Let r be f(-2). Suppose -12*k + r = -6*k. What is the hundreds digit of k?
1
Let f be 4*-2*(-4)/16. Suppose -k - 4 = -f, 5*k = -3*a + 365. What is the hundreds digit of a?
1
Let d(j) = -j**3 - 16*j**2 + 11*j - 8. Suppose 56 = -9*l - 97. What is the tens digit of d(l)?
9
Suppose -5*k - 2559 = -4*q, 0 = -2*q + 5*k + 1142 + 135. What is the hundreds digit of q?
6
Suppose -30*g + 135 = -21*g. Suppose 0 = -3*i - 5 - 10. What is the tens digit of i/(g/(-177)) + -1?
5
Suppose 5*m + d + 3*d = -33, -4*m + 5*d = 51. What is the tens digit of 2*(-537)/(-9)*m/(-6)?
7
Let m be ((-3)/(-2))/((-3)/(-14)). Suppose q + m + 24 = 0. Let o = -8 - q. What is the tens digit of o?
2
Suppose 2*u + 1430 = 2*r - 164, -2*u + 2366 = 3*r. Suppose -d - 3*l = -192, -l - 3*l = 4*d - r. What is the hundreds digit of d?
2
Suppose -13 = 3*m - 0*m + j, 5*j = -5*m - 25. Let d(s) = -8*s**2 + 3*s. Let v be d(m). What is the tens digit of v/(-7) - (-5 - -1)?
2
Let x(b) = -15*b + 31*b - 11*b. What is the tens digit of x(2)?
1
Let h(y) = -2*y**2 + 31*y - 26. Let l be h(12). Suppose -5 = q, -2*g - 4*q - 16 = -0*q. Suppose -l = o - g*o. What is the units digit of o?
8
Suppose 4*s - 3*u = -93, u = 3*s + 3*u + 74. Let k = 28 - s. What is the units digit of k?
2
Let o(z) = -162*z. Let f be o(-4). Suppose 6*p - f = 2*p. What is the tens digit of p?
6
Suppose -t - 7 = -9. Suppose -4*q - d + 3 + 9 = 0, 3*q = 2*d - t. Suppose -30 = -4*i - q*i. What is the units digit of i?
5
Let n = -51 - -94. Let z = n - 29. What is the units digit of z?
4
Let g(d) = 7*d**2 + 4*d + 2. Let t be g(-2). Let x be t - (-3 - (-5 + 3)). Suppose -5*u = -x + 3. What is the units digit of u?
4
Suppose -4*v + 668 = h - 240, -2*h - 681 = -3*v. What is the hundreds digit of v?
2
Let a(v) = -v**3 + 17*v**2 - v + 11. Let m be a(17). What is the units digit of (21/(-28))/(m/8)?
1
Let i(b) = 46*b**2 + 34*b - 7. What is the hundreds digit of i(-6)?
4
Let p(a) = 2*a**3 - 9*a**2 + 5*a - 13. What is the tens digit of p(7)?
6
Let d(v) be the third derivative of 13*v**5/60 - v**4/12 - 7*v**3/6 - v**2. What is the hundreds digit of d(-4)?
2
Let t(r) = -r - 1. Let g(j) = -4*j - 7. Let k(d) = -3*g(d) + 21*t(d). Let p(y) = -y**2 + y - 2. Let l be p(0). What is the units digit of k(l)?
8
Let l(n) = 2 - 5 - 3*n**2 + 6*n + 3*n**2 + 20*n**2. What is the units digit of l(2)?
9
Let p = 453 + -113. What is the hundreds digit of p?
3
Let y(w) = w**2 - 3 + 4 - 3 + 1. Let m be y(2). Suppose 5*f - 115 = 5*n, -97 = -4*f + 2*n + m*n. What is the tens digit of f?
1
Let d be (-55)/10*8/(-2). Suppose 5*y - d - 43 = 0. What is the tens digit of y?
1
Let g(a) = 21*a**2 - 3*a - 4. Suppose 6*u = 5*u - 2. What is the tens digit of g(u)?
8
Let d be ((-576)/(-20))/(3/10). What is the tens digit of (3/6)/(2/d)?
2
Let r = 4610 + -635. What is the tens digit of -1*(r/(-24) + 3/(-8))?
6
Suppose 5*z - 418 = 2*y - 3*y, 0 = 3*y - 5*z - 1174. What is the units digit of y?
8
Let u(r) = -169*r + 943. What is the units digit of u(-14)?
9
What is the thousands digit of -10 + 2131 + -3 + 0 + -1?
2
Let q = 278 + 400. What is the hundreds digit of q?
6
Suppose 5*v + 3*d - 2*d - 1320 = 0, 2*v = -d + 525. What is the tens digit of v?
6
Suppose -2520 = -31*y - 5*y. What is the units digit of y?
0
Suppose -4468 = -2*u + 2*v, 4*v = 3*u + 2245 - 8952. What is the hundreds digit of u?
2
Suppose 2*v - 3*d + 7*d = -12, 2*v + 17 = -5*d. Suppose -8 = -v*s, -5*u + 4*s = -4*u - 71. What is the units digit of u?
9
Suppose -3*d + 38 = o - 99, -d = o - 129. What is the tens digit of o?
2
Suppose 5*a = 253 + 187. What is the units digit of a?
8
Let c(l) = -l**2 - 11*l. Let f be c(-11). Suppose f*v + 2*v = 0. What is the units digit of 0 + v - (-24)/4?
6
What is the hundreds digit of 5286/12*4/(-2)*-2?
7
Let k(y) = 183*y + 12. Let p be k(1). Suppose -3*u + 0*l - 3*l + 294 = 0, 0 = -2*u - l + p. What is the tens digit of u?
9
Suppose 99*b - 94*b - 25 = 0. Suppose -3*u = -u + 3*p - 380, -3*u + b*p = -532. What is the tens digit of u?
8
Suppose -4*i - 3*s + 3096 = -7*s, -4*i + 3096 = -s. What is the hundreds digit of i?
7
Suppose -b + 11 = -5*u, -u - 5*b + 2*b = 15. Let c be 15*(u - (-33)/9). Let k = c + 2. What is the units digit of k?
2
Let b be 1/2*(8/(-4) - -10). Suppose -b*k + 47 = 11. What is the units digit of k?
9
Let q(b) = 20*b**2 - 1. Let l(f) = -f**2 + f. Let u(s) = 2*l(s) + q(s).